 13554 and f.
54
Let x be (-15 - 153/(-18))/(1/(-2)). Let y = 9 - -37. Suppose -5*i - 124 = -4*o, -4*i + y = 4*o - 42. Calculate the greatest common divisor of x and o.
13
Let q(i) = -113*i**2 - 2152*i + 17. Let p be q(-19). What is the greatest common factor of 176 and p?
16
Suppose -4*y - 84 = -4*r - 2*r, 4*y = 5*r - 70. What is the greatest common divisor of 57778 and r?
14
Suppose -4*x = -t - 2*t - 369, -217 = -2*x - 5*t. Let b = -1482 + 1610. Calculate the highest common divisor of b and x.
32
Suppose -105*p + 61*p + 3024 = 82*p. Calculate the highest common factor of p and 363.
3
Suppose 8 = k + 6, 3*h + 2*k + 8 = 0. Let w = 4 + -12. Let l be (2 + -4 - -182)*h/w. What is the highest common divisor of l and 30?
30
Suppose -3*d + 249 = 246. Let t be 15/(2*d/2). What is the highest common factor of 135 and t?
15
Suppose -10 = -2*y + p, 12*y - 15*y = -5*p - 15. Suppose 51 = 5*s - 2*s + 3*q, -4*q - 7 = -s. Calculate the highest common factor of y and s.
5
Let g = -270 + 267. Let l be 231/11*(7 + g). Calculate the greatest common divisor of 21 and l.
21
Let h be 7756*((-297)/(-36) + -6). What is the highest common divisor of h and 189?
63
Suppose 3160*q - 542608 = 361152. Let n(o) = -10*o - 1. Let z be n(-4). What is the greatest common factor of q and z?
13
Let z(a) = a**2 + 19*a - 213. Let n be z(-27). Let x be 7 + -3 - -420 - (-18)/n. What is the highest common factor of x and 172?
86
Suppose 7*n = 5*n + 2. Let o be 5 + -6 + (n - 4)*-3. Suppose -o*w + 34 = 10. What is the highest common divisor of w and 39?
3
Suppose 4*a = 8, -50*j = -49*j + 2*a - 2464. What is the highest common factor of 123 and j?
123
Let q(i) = 44*i**2 - 8*i. Let d be q(2). Suppose 3*s + 2*g = d, 4*s + 4*g - 218 = 2. What is the greatest common divisor of s and 100?
50
Suppose 5*a - 2870 = -5*y, -90*a - 2 = -91*a. Calculate the highest common factor of y and 39.
13
Let p = -1200 + 1240. Calculate the greatest common divisor of p and 4010.
10
Suppose 3*m - 144 = 3*b + 519, 5*b = 3*m - 665. Calculate the greatest common factor of 1826 and m.
22
Let t(d) = d**3 + 8*d**2 + 5. Let u be t(-7). Suppose -202*f + 207*f = 90. Let i be ((-18)/5)/(f/(-15) + 1). What is the greatest common divisor of i and u?
18
Let b = 5 - 3. Suppose 5*l = 3*o - 348, -3*l - 232 = -b*o + l. Calculate the highest common factor of o and 87.
29
Suppose 3*u = -i + 28, -i = -4*i - 2*u + 98. What is the highest common divisor of 2414 and i?
34
Let m = 2240 - 1315. Suppose 8*d - 3*d = 3*x + 119, 5*x + 65 = 3*d. Calculate the highest common factor of m and d.
25
Suppose 27545*b + 273 = 27546*b. Calculate the highest common divisor of b and 8372.
91
Let d(a) = -3*a**2 + 125*a + 30. Let b be d(5). What is the highest common divisor of b and 290?
290
Let d(j) = -2*j - 3. Let b be d(-4). Let m be 4 - 0 - ((6 - 1) + 74/(-2)). Suppose n - b*n + m = 0. Calculate the highest common divisor of 63 and n.
9
Suppose 3*m + 3*j = 3087, 0*m = m - 3*j - 1009. Let c(l) = -l**3 - 26*l**2 - 38*l - 309. Let p be c(-25). Calculate the greatest common divisor of p and m.
16
Let w(y) = y**3 + 21*y**2 + 5*y - 527. Let b be w(-17). Suppose -5*o + 71 = 3*v, 6*v - 4*v - 59 = -o. What is the greatest common factor of b and v?
32
Suppose -8 = -27*j + 34 + 66. Let t be (-14)/(-6) - (-4)/6. Suppose -t*c - 3 = -15, -j*p + 4*c = -304. What is the greatest common factor of p and 10?
10
Suppose 7*s = -4*j + 16251, 16*s - 15*s - 2301 = -4*j. What is the highest common divisor of 93 and s?
93
Let t = 118 - -2. Suppose -247 = 9*v - 1219. Calculate the highest common divisor of v and t.
12
Let o(d) = -320*d**3 - 4*d**2 - 3*d - 3. Let w be o(-1). What is the greatest common divisor of 79 and w?
79
Suppose x - 339 - 2176 = -2*m, 3*m = -4*x + 3760. Calculate the greatest common divisor of 162 and m.
18
Let f be 2774/(-76) + 37 + 6030/4. What is the greatest common divisor of f and 2132?
52
Suppose 10*s = 5*s + 3*q + 21, 9 = -s + 5*q. Suppose 0*r - s*r + 1860 = 0. What is the highest common factor of 10 and r?
10
Suppose -4*m - 343 = -24*g + 19*g, -m - 3*g = 107. Let q = m + 274. Calculate the greatest common divisor of 7 and q.
7
Suppose 0 = -5*n + 446 - 96. Let u = 4638 - 4633. Calculate the greatest common divisor of u and n.
5
Let m be (-181 - -183)*(-614)/(-4). Calculate the highest common divisor of m and 1.
1
Let g = -90 - -112. Suppose 6*l = l + p + 4396, 0 = -5*l + 5*p + 4380. What is the highest common divisor of g and l?
22
Suppose 0 = -3*x + f + 208, -2*x + 130 = -8*f + 3*f. Let y be (-18 + -38)*-1*6/12. Calculate the highest common divisor of x and y.
14
Suppose 2*x - 39 = 25. Let b = 609 + -616. Let r be ((-64)/b)/(26/91). Calculate the greatest common factor of x and r.
32
Let k(b) = -b**3 - 7*b**2 - 4*b + 317. Let j(c) = c**2 + c + 1. Let g(h) = 5*j(h) + k(h). Let y be g(0). What is the highest common factor of 46 and y?
46
Suppose d + 13*x - 16*x = 25, -68 = -4*d + 4*x. What is the highest common divisor of d and 3809?
13
Let m(j) be the second derivative of -j**3/6 + 13*j**2 - 2*j - 39. Let i be m(-6). Calculate the highest common factor of i and 288.
32
Let b = -175 - -413. Suppose 7*u + b = 5*j + 6*u, 0 = 3*j + 2*u - 148. What is the highest common divisor of j and 24?
24
Let x(w) = 789*w**2 + 7*w + 3. Let m be x(-1). Calculate the highest common factor of m and 15.
5
Suppose -2*c + 6 = -5*c, 5*r + 2*c - 1 = 0. Let w(q) = 22*q - 2. Let s be w(r). Let g = 80 + -75. Calculate the greatest common factor of s and g.
5
Suppose 0 = 4*o + 3*l - 1025, 311 = -3*o + 3*l + 1106. What is the greatest common divisor of 1196 and o?
52
Let x(c) = -192*c**2 + 14*c - 25. Let y be x(2). Let z = -755 - y. What is the highest common divisor of 135 and z?
5
Let k be (-1559 + 2)*5/(-45). What is the highest common factor of 865 and k?
173
Let m = -219 - -284. Let s = 101 - m. Suppose -2*g - 6 = -294. What is the greatest common factor of s and g?
36
Let a(z) = -3*z**2 - 35*z + 178. Let o be a(-14). What is the highest common factor of o and 62?
2
Let l be 25/1 + 0/1. Suppose 5*f + 3*g - 325 = 0, -195 = -3*f - 6*g + g. Suppose -4*b - l = -f. Calculate the highest common factor of 90 and b.
10
Suppose -108*i + 123916 = -228596. Calculate the highest common factor of i and 153.
51
Let a(y) = -y**3 + 8*y**2 + 2*y + 2. Let c be a(7). Let w(k) = -k**2 + 61*k - 270. Let b be w(5). Calculate the greatest common factor of b and c.
5
Let v be (-2100)/(-15) + (-3)/9*-15. What is the highest common factor of v and 464?
29
Let u be (-18)/42 - (6 - (-180)/(-28)). Suppose -28*t + 1166 + 1354 = u. Let g(f) = -f + 18. Let s be g(0). Calculate the highest common factor of t and s.
18
Let q be (3 + -6)/((-4)/48). Let j(n) = -n**2 - 7*n - 6. Let a be j(-2). Calculate the highest common divisor of q and a.
4
Let t be 774 + -1 - (158 + -141). Calculate the greatest common divisor of 81 and t.
27
Suppose 8*i = 320 + 40. Suppose 0 = -r + 2*r - 4. Suppose -54 = -r*o + o. What is the greatest common divisor of i and o?
9
Suppose 0 = 51*j - 54*j + 36. Suppose 2*a - 8 = j. Let d be (a/(-4))/(10/(-180)). Calculate the greatest common divisor of 18 and d.
9
Suppose -5*o + 3*g = 50, -4*o - 2*g = -g + 23. Let x be (-323)/119 + 2/o. Let d be -3*(0/6 + 26/x). What is the greatest common divisor of 65 and d?
13
Let r be (1*-7 - -1)*(-932 - 132). Calculate the greatest common divisor of r and 60.
12
Suppose -65*h - 98406 = -131*h. What is the highest common divisor of h and 3?
3
Let a(b) = -b**3 - 26*b**2 - 131*b - 171. Let x be a(-32). Calculate the highest common divisor of 38 and x.
19
Let x = -3533 + 3598. Suppose 3*a = a + 2*g + 54, 0 = 4*g + 4. What is the highest common factor of x and a?
13
Let b(w) = -532*w - 364. Let f be b(-4). What is the highest common divisor of f and 245?
49
Let o be 160/(-75) + 2 - 2138/60*-46. What is the greatest common factor of o and 44?
11
Let n = 1 - -53. Suppose 0 = 4*d - 2*r - 860, 5*d - 5*r - 1072 = -r. Calculate the highest common factor of d and n.
54
Suppose -h + 5*m + 1400 = 0, -2*m - 4910 = -6*h + 3490. Calculate the highest common divisor of h and 448.
56
Suppose 7*k = -5*k - 1320. Let f = -110 - k. Suppose f = 9*l - 127 - 323. Calculate the greatest common divisor of 10 and l.
10
Suppose -2*b = -28 - 8. Let z(m) = m**2 + 10*m - 17. L